{"id":1033,"date":"2026-03-25T14:06:06","date_gmt":"2026-03-25T13:06:06","guid":{"rendered":"https:\/\/mcro.waw.pl\/index.php\/mateusz-plaza-copy\/"},"modified":"2026-03-25T14:07:02","modified_gmt":"2026-03-25T13:07:02","slug":"edyta-piwowarczyk","status":"publish","type":"page","link":"https:\/\/mcro.waw.pl\/index.php\/edyta-piwowarczyk\/","title":{"rendered":"Edyta Piwowarczyk"},"content":{"rendered":"<!--themify_builder_content-->\n<div id=\"themify_builder_content-1033\" data-postid=\"1033\" class=\"themify_builder_content themify_builder_content-1033 themify_builder tf_clear\">\n                    <div  data-lazy=\"1\" class=\"module_row themify_builder_row tb_6cxi340 tb_first tf_w\">\n                        <div class=\"row_inner col_align_top tb_col_count_1 tf_box tf_rel\">\n                        <div  data-lazy=\"1\" class=\"module_column tb-column col-full tb_os5s064 first\">\n                            <div  data-lazy=\"1\" class=\"module_subrow themify_builder_sub_row tf_w col_align_middle tb_col_count_2 tb_fg61065\">\n                <div  data-lazy=\"1\" class=\"module_column sub_column col4-2 tb_xoad945 first\">\n                    <!-- module fancy heading -->\n<div  class=\"module module-fancy-heading tb_x7ag440 \" data-lazy=\"1\">\n        <h2 class=\"fancy-heading tf_textl\">\n    <span class=\"main-head tf_block\">\n                    Edyta Piwowarczyk            <\/span>\n\n    \n    <span class=\"sub-head tf_block tf_rel\">\n                    dietetyczka kliniczna, psychodietetyczka            <\/span>\n    <\/h2>\n<\/div>\n<!-- \/module fancy heading -->\n<!-- module text -->\n<div  class=\"module module-text tb_0q1g004   \" data-lazy=\"1\">\n        <div  class=\"tb_text_wrap\">\n        <p>Specjalizuje si\u0119 w pracy z osobami z oty\u0142o\u015bci\u0105 i chorobami metabolicznymi.<br \/>\nOd 13 lat wspiera pacjent\u00f3w w leczeniu poprzez zmian\u0119 stylu \u017cycia, \u017cywienia oraz podej\u015bcia do jedzenia.<br \/>\nPracuje z osobami przygotowuj\u0105cymi si\u0119 do operacji bariatrycznych , po zabiegach oraz korzystaj\u0105cych z leczenia farmakologicznego oty\u0142o\u015bci.<\/p>\n    <\/div>\n<\/div>\n<!-- \/module text -->        <\/div>\n                    <div  data-lazy=\"1\" class=\"module_column sub_column col4-2 tb_g29l096 last\">\n                    <!-- module image -->\n<div  class=\"module module-image tb_psie666 image-top   tf_mw\" data-lazy=\"1\">\n        <div class=\"image-wrap tf_rel tf_mw\">\n            <img fetchpriority=\"high\" decoding=\"async\" width=\"405\" height=\"344\" src=\"https:\/\/mcro.waw.pl\/wp-content\/uploads\/2024\/05\/doctor_mock.png\" class=\"wp-post-image wp-image-292\" title=\"doctor_mock\" alt=\"doctor_mock\" srcset=\"https:\/\/mcro.waw.pl\/wp-content\/uploads\/2024\/05\/doctor_mock.png 405w, https:\/\/mcro.waw.pl\/wp-content\/uploads\/2024\/05\/doctor_mock-300x255.png 300w\" sizes=\"(max-width: 405px) 100vw, 405px\" \/>    \n        <\/div>\n    <!-- \/image-wrap -->\n    \n        <\/div>\n<!-- \/module image -->        <\/div>\n                    <\/div>\n                <\/div>\n                        <\/div>\n        <\/div>\n                        <div  data-lazy=\"1\" class=\"module_row themify_builder_row tb_u4ci006 tf_w\">\n                        <div class=\"row_inner col_align_top tb_col_count_1 tf_box tf_rel\">\n                        <div  data-lazy=\"1\" class=\"module_column tb-column col-full tb_i9x0940 first\">\n                    <!-- module buttons -->\n<div  class=\"module module-buttons tb_eux3060 buttons-horizontal solid  large circle\" data-lazy=\"1\">\n        <div class=\"module-buttons-item tf_in_flx\">\n                        <a href=\"https:\/\/pacjent.mcro.waw.pl\/wizyty?_ereg_=%7B%22filters%22:%22%7B%5C%22doctor%5C%22:%5C%222%5C%22%7D%22,%22search%22:%22%7B%5C%22patientId%5C%22:%5C%2213334%5C%22,%5C%22consultationType%5C%22:%5C%22stationary%5C%22,%5C%22visitMode%5C%22:%5C%22paid%5C%22,%5C%22hasEReferral%5C%22:false,%5C%22highPriority%5C%22:false,%5C%22fromDate%5C%22:%5C%222024-07-15%5C%22%7D%22,%22confirm%22:%22%7B%5C%22visitMode%5C%22:%5C%22paid%5C%22%7D%22,%22visitMode%22:%22paid%22%7D\" class=\"ui builder_button tf_in_flx orange\" target=\"_blank\" rel=\"noopener\">\n                                                UM\u00d3W WIZYT\u0118                                        <\/a>\n                <\/div>\n            <\/div>\n<!-- \/module buttons -->\n        <\/div>\n                        <\/div>\n        <\/div>\n        <\/div>\n<!--\/themify_builder_content-->","protected":false},"excerpt":{"rendered":"<p>Specjalizuje si\u0119 w pracy z osobami z oty\u0142o\u015bci\u0105 i chorobami metabolicznymi. Od 13 lat wspiera pacjent\u00f3w w leczeniu poprzez zmian\u0119 stylu \u017cycia, \u017cywienia oraz podej\u015bcia do jedzenia. Pracuje z osobami przygotowuj\u0105cymi si\u0119 do operacji bariatrycznych , po zabiegach oraz korzystaj\u0105cych z leczenia farmakologicznego oty\u0142o\u015bci.<\/p>\n","protected":false},"author":4,"featured_media":0,"parent":0,"menu_order":0,"comment_status":"closed","ping_status":"closed","template":"","meta":{"footnotes":""},"class_list":["post-1033","page","type-page","status-publish","hentry","has-post-title","has-post-date","has-post-category","has-post-tag","has-post-comment","has-post-author",""],"builder_content":"<h2>Edyta Piwowarczyk<br\/>dietetyczka kliniczna, psychodietetyczka<\/h2>\n<p>Specjalizuje si\u0119 w pracy z osobami z oty\u0142o\u015bci\u0105 i chorobami metabolicznymi.<br \/> Od 13 lat wspiera pacjent\u00f3w w leczeniu poprzez zmian\u0119 stylu \u017cycia, \u017cywienia oraz podej\u015bcia do jedzenia.<br \/> Pracuje z osobami przygotowuj\u0105cymi si\u0119 do operacji bariatrycznych , po zabiegach oraz korzystaj\u0105cych z leczenia farmakologicznego oty\u0142o\u015bci.<\/p>\n<img src=\"https:\/\/mcro.waw.pl\/wp-content\/uploads\/2024\/05\/doctor_mock.png\" title=\"doctor_mock\" alt=\"doctor_mock\" srcset=\"https:\/\/mcro.waw.pl\/wp-content\/uploads\/2024\/05\/doctor_mock.png 405w, https:\/\/mcro.waw.pl\/wp-content\/uploads\/2024\/05\/doctor_mock-300x255.png 300w\" sizes=\"(max-width: 405px) 100vw, 405px\" \/>\n<a href=\"https:\/\/pacjent.mcro.waw.pl\/wizyty?_ereg_=%7B%22filters%22:%22%7B%5C%22doctor%5C%22:%5C%222%5C%22%7D%22,%22search%22:%22%7B%5C%22patientId%5C%22:%5C%2213334%5C%22,%5C%22consultationType%5C%22:%5C%22stationary%5C%22,%5C%22visitMode%5C%22:%5C%22paid%5C%22,%5C%22hasEReferral%5C%22:false,%5C%22highPriority%5C%22:false,%5C%22fromDate%5C%22:%5C%222024-07-15%5C%22%7D%22,%22confirm%22:%22%7B%5C%22visitMode%5C%22:%5C%22paid%5C%22%7D%22,%22visitMode%22:%22paid%22%7D\" target=\"_blank\" rel=\"noopener\"> UM\u00d3W WIZYT\u0118 <\/a>","_links":{"self":[{"href":"https:\/\/mcro.waw.pl\/index.php\/wp-json\/wp\/v2\/pages\/1033","targetHints":{"allow":["GET"]}}],"collection":[{"href":"https:\/\/mcro.waw.pl\/index.php\/wp-json\/wp\/v2\/pages"}],"about":[{"href":"https:\/\/mcro.waw.pl\/index.php\/wp-json\/wp\/v2\/types\/page"}],"author":[{"embeddable":true,"href":"https:\/\/mcro.waw.pl\/index.php\/wp-json\/wp\/v2\/users\/4"}],"replies":[{"embeddable":true,"href":"https:\/\/mcro.waw.pl\/index.php\/wp-json\/wp\/v2\/comments?post=1033"}],"version-history":[{"count":4,"href":"https:\/\/mcro.waw.pl\/index.php\/wp-json\/wp\/v2\/pages\/1033\/revisions"}],"predecessor-version":[{"id":1037,"href":"https:\/\/mcro.waw.pl\/index.php\/wp-json\/wp\/v2\/pages\/1033\/revisions\/1037"}],"wp:attachment":[{"href":"https:\/\/mcro.waw.pl\/index.php\/wp-json\/wp\/v2\/media?parent=1033"}],"curies":[{"name":"wp","href":"https:\/\/api.w.org\/{rel}","templated":true}]}}