{"id":1061,"date":"2026-03-25T14:20:12","date_gmt":"2026-03-25T13:20:12","guid":{"rendered":"https:\/\/mcro.waw.pl\/index.php\/anna-bojanowska-copy\/"},"modified":"2026-03-25T14:21:13","modified_gmt":"2026-03-25T13:21:13","slug":"dorota-stempien","status":"publish","type":"page","link":"https:\/\/mcro.waw.pl\/index.php\/dorota-stempien\/","title":{"rendered":"Dorota Stempie\u0144"},"content":{"rendered":"<!--themify_builder_content-->\n<div id=\"themify_builder_content-1061\" data-postid=\"1061\" class=\"themify_builder_content themify_builder_content-1061 themify_builder tf_clear\">\n                    <div  data-lazy=\"1\" class=\"module_row themify_builder_row tb_j8pi000 tb_first tf_w\">\n                        <div class=\"row_inner col_align_top tb_col_count_1 tf_box tf_rel\">\n                        <div  data-lazy=\"1\" class=\"module_column tb-column col-full tb_lkl2990 first\">\n                            <div  data-lazy=\"1\" class=\"module_subrow themify_builder_sub_row tf_w col_align_middle tb_col_count_2 tb_zr51499\">\n                <div  data-lazy=\"1\" class=\"module_column sub_column col4-2 tb_u20e997 first\">\n                    <!-- module fancy heading -->\n<div  class=\"module module-fancy-heading tb_hay7500 \" data-lazy=\"1\">\n        <h2 class=\"fancy-heading tf_textl\">\n    <span class=\"main-head tf_block\">\n                    Dorota Stempie\u0144            <\/span>\n\n    \n    <span class=\"sub-head tf_block tf_rel\">\n                    lek. specjalistka radiolog            <\/span>\n    <\/h2>\n<\/div>\n<!-- \/module fancy heading -->\n<!-- module text -->\n<div  class=\"module module-text tb_kse8170   \" data-lazy=\"1\">\n        <div  class=\"tb_text_wrap\">\n        <p>Od ponad 20 lat wykonuje badanie USG. Wykonuje badania USG w szerokim zakresie: badania og\u00f3lne, USG Doppler oraz USG uk\u0142adu mi\u0119\u015bniowo-szkieletowego na potrzeby ortopedii i reumatologii.<\/p>\n<p>Jako\u015b\u0107 i wiarygodno\u015b\u0107 tych bada\u0144 znajduje odzwierciedlenie w pozytywnej ocenie lekarzy b\u0119d\u0105cych ich odbiorcami. D\u0142ugoletnie do\u015bwiadczenie \u0142\u0105czy z systematycznym podnoszeniem kwalifikacji i aktualizacj\u0105 wiedzy uczestnicz\u0105c aktywnie w\u00a0 zjazdach, kursy i sympozjach.<\/p>    <\/div>\n<\/div>\n<!-- \/module text -->        <\/div>\n                    <div  data-lazy=\"1\" class=\"module_column sub_column col4-2 tb_2yqa909 last\">\n                    <!-- module image -->\n<div  class=\"module module-image tb_orfq295 image-top   tf_mw\" data-lazy=\"1\">\n        <div class=\"image-wrap tf_rel tf_mw\">\n            <img fetchpriority=\"high\" decoding=\"async\" width=\"405\" height=\"344\" src=\"https:\/\/mcro.waw.pl\/wp-content\/uploads\/2024\/05\/doctor_mock.png\" class=\"wp-post-image wp-image-292\" title=\"doctor_mock\" alt=\"doctor_mock\" srcset=\"https:\/\/mcro.waw.pl\/wp-content\/uploads\/2024\/05\/doctor_mock.png 405w, https:\/\/mcro.waw.pl\/wp-content\/uploads\/2024\/05\/doctor_mock-300x255.png 300w\" sizes=\"(max-width: 405px) 100vw, 405px\" \/>    \n        <\/div>\n    <!-- \/image-wrap -->\n    \n        <\/div>\n<!-- \/module image -->        <\/div>\n                    <\/div>\n                <\/div>\n                        <\/div>\n        <\/div>\n                        <div  data-lazy=\"1\" class=\"module_row themify_builder_row tb_q6e1575 tf_w\">\n                        <div class=\"row_inner col_align_top tb_col_count_1 tf_box tf_rel\">\n                        <div  data-lazy=\"1\" class=\"module_column tb-column col-full tb_5wrg009 first\">\n                    <!-- module buttons -->\n<div  class=\"module module-buttons tb_o42g599 buttons-horizontal solid  large circle\" data-lazy=\"1\">\n        <div class=\"module-buttons-item tf_in_flx\">\n                        <a href=\"https:\/\/pacjent.mcro.waw.pl\/wizyty?_ereg_=%7B%22filters%22:%22%7B%5C%22doctor%5C%22:%5C%222%5C%22%7D%22,%22search%22:%22%7B%5C%22patientId%5C%22:%5C%2213334%5C%22,%5C%22consultationType%5C%22:%5C%22stationary%5C%22,%5C%22visitMode%5C%22:%5C%22paid%5C%22,%5C%22hasEReferral%5C%22:false,%5C%22highPriority%5C%22:false,%5C%22fromDate%5C%22:%5C%222024-07-15%5C%22%7D%22,%22confirm%22:%22%7B%5C%22visitMode%5C%22:%5C%22paid%5C%22%7D%22,%22visitMode%22:%22paid%22%7D\" class=\"ui builder_button tf_in_flx orange\" target=\"_blank\" rel=\"noopener\">\n                                                UM\u00d3W WIZYT\u0118                                        <\/a>\n                <\/div>\n            <\/div>\n<!-- \/module buttons -->\n        <\/div>\n                        <\/div>\n        <\/div>\n        <\/div>\n<!--\/themify_builder_content-->","protected":false},"excerpt":{"rendered":"<p>Od ponad 20 lat wykonuje badanie USG. Wykonuje badania USG w szerokim zakresie: badania og\u00f3lne, USG Doppler oraz USG uk\u0142adu mi\u0119\u015bniowo-szkieletowego na potrzeby ortopedii i reumatologii. Jako\u015b\u0107 i wiarygodno\u015b\u0107 tych bada\u0144 znajduje odzwierciedlenie w pozytywnej ocenie lekarzy b\u0119d\u0105cych ich odbiorcami. D\u0142ugoletnie do\u015bwiadczenie \u0142\u0105czy z systematycznym podnoszeniem kwalifikacji i aktualizacj\u0105 wiedzy uczestnicz\u0105c aktywnie w\u00a0 zjazdach, kursy [&hellip;]<\/p>\n","protected":false},"author":4,"featured_media":0,"parent":0,"menu_order":0,"comment_status":"closed","ping_status":"closed","template":"","meta":{"footnotes":""},"class_list":["post-1061","page","type-page","status-publish","hentry","has-post-title","has-post-date","has-post-category","has-post-tag","has-post-comment","has-post-author",""],"builder_content":"<h2>Dorota Stempie\u0144<br\/>lek. specjalistka radiolog<\/h2>\n<p>Od ponad 20 lat wykonuje badanie USG. Wykonuje badania USG w szerokim zakresie: badania og\u00f3lne, USG Doppler oraz USG uk\u0142adu mi\u0119\u015bniowo-szkieletowego na potrzeby ortopedii i reumatologii.<\/p> <p>Jako\u015b\u0107 i wiarygodno\u015b\u0107 tych bada\u0144 znajduje odzwierciedlenie w pozytywnej ocenie lekarzy b\u0119d\u0105cych ich odbiorcami. D\u0142ugoletnie do\u015bwiadczenie \u0142\u0105czy z systematycznym podnoszeniem kwalifikacji i aktualizacj\u0105 wiedzy uczestnicz\u0105c aktywnie w\u00a0 zjazdach, kursy i sympozjach.<\/p>\n<img src=\"https:\/\/mcro.waw.pl\/wp-content\/uploads\/2024\/05\/doctor_mock.png\" title=\"doctor_mock\" alt=\"doctor_mock\" srcset=\"https:\/\/mcro.waw.pl\/wp-content\/uploads\/2024\/05\/doctor_mock.png 405w, https:\/\/mcro.waw.pl\/wp-content\/uploads\/2024\/05\/doctor_mock-300x255.png 300w\" sizes=\"(max-width: 405px) 100vw, 405px\" \/>\n<a href=\"https:\/\/pacjent.mcro.waw.pl\/wizyty?_ereg_=%7B%22filters%22:%22%7B%5C%22doctor%5C%22:%5C%222%5C%22%7D%22,%22search%22:%22%7B%5C%22patientId%5C%22:%5C%2213334%5C%22,%5C%22consultationType%5C%22:%5C%22stationary%5C%22,%5C%22visitMode%5C%22:%5C%22paid%5C%22,%5C%22hasEReferral%5C%22:false,%5C%22highPriority%5C%22:false,%5C%22fromDate%5C%22:%5C%222024-07-15%5C%22%7D%22,%22confirm%22:%22%7B%5C%22visitMode%5C%22:%5C%22paid%5C%22%7D%22,%22visitMode%22:%22paid%22%7D\" target=\"_blank\" rel=\"noopener\"> UM\u00d3W WIZYT\u0118 <\/a>","_links":{"self":[{"href":"https:\/\/mcro.waw.pl\/index.php\/wp-json\/wp\/v2\/pages\/1061","targetHints":{"allow":["GET"]}}],"collection":[{"href":"https:\/\/mcro.waw.pl\/index.php\/wp-json\/wp\/v2\/pages"}],"about":[{"href":"https:\/\/mcro.waw.pl\/index.php\/wp-json\/wp\/v2\/types\/page"}],"author":[{"embeddable":true,"href":"https:\/\/mcro.waw.pl\/index.php\/wp-json\/wp\/v2\/users\/4"}],"replies":[{"embeddable":true,"href":"https:\/\/mcro.waw.pl\/index.php\/wp-json\/wp\/v2\/comments?post=1061"}],"version-history":[{"count":4,"href":"https:\/\/mcro.waw.pl\/index.php\/wp-json\/wp\/v2\/pages\/1061\/revisions"}],"predecessor-version":[{"id":1065,"href":"https:\/\/mcro.waw.pl\/index.php\/wp-json\/wp\/v2\/pages\/1061\/revisions\/1065"}],"wp:attachment":[{"href":"https:\/\/mcro.waw.pl\/index.php\/wp-json\/wp\/v2\/media?parent=1061"}],"curies":[{"name":"wp","href":"https:\/\/api.w.org\/{rel}","templated":true}]}}